-37345217
In base 14, what is 15 - -a1069?
a1080
In base 7, what is -365152 - 2324?
-400506
In base 4, what is 1202 - -200323222?
200331030
In base 2, what is -11001001101110100100100 + 11?
-11001001101110100100001
In base 12, what is bb9965 + -8?
bb9959
In base 16, what is -2 - 360f4?
-360f6
In base 8, what is -454701163 + 2?
-454701161
In base 14, what is 419 + 20169?
20584
In base 13, what is 40 - -135c51?
135c91
In base 5, what is -1003 + 40141?
34133
In base 10, what is 0 - 17017103?
-17017103
In base 2, what is 0 + -10111011101101011101100101?
-10111011101101011101100101
In base 14, what is 2 + -795c182?
-795c180
In base 15, what is -1 + 16b1983?
16b1982
In base 14, what is 6 + 1402340?
1402346
In base 10, what is -5 - -22058144?
22058139
In base 4, what is -30 + -12213120100?
-12213120130
In base 2, what is -11 - -110001100011100111110100?
110001100011100111110001
In base 5, what is 2213424 - -1224?
2220203
In base 11, what is -34 - 40398a?
-403a13
In base 6, what is 121003334 - 20?
121003314
In base 5, what is -13420 + 103022?
34102
In base 14, what is -1 - -3853a0?
38539d
In base 7, what is 5551 - -212246?
221130
In base 15, what is -a490e9 - -1?
-a490e8
In base 15, what is 2 - 202cd2a?
-202cd28
In base 12, what is -15504 + 4852?
-10872
In base 10, what is -7 - 59427017?
-59427024
In base 3, what is 21221122 + 20112102?
112111001
In base 3, what is 10110002211011 - -2?
10110002211020
In base 11, what is -549 + -6a66?
-7504
In base 2, what is -101001100010010 - 111000100111101?
-1100010001001111
In base 8, what is 0 - -17144701?
17144701
In base 9, what is 22484 + -70?
22414
In base 16, what is 1 + 87d032a?
87d032b
In base 10, what is -72 - -566883?
566811
In base 13, what is 34174925 - -4?
34174929
In base 9, what is 24813052 + 5?
24813057
In base 10, what is -5178 - -3313?
-1865
In base 5, what is 0 + -1130000440?
-1130000440
In base 9, what is -20544 + 3424?
-16120
In base 16, what is 335c534 - 4?
335c530
In base 9, what is 7246830 - -341?
7247271
In base 7, what is -5553 - 105413?
-114266
In base 16, what is -1 + -1675d65?
-1675d66
In base 11, what is 7615163 + 6?
7615169
In base 8, what is -2024320 - -5?
-2024313
In base 5, what is -310231 + -40220?
-401001
In base 5, what is -10 - -3211330413?
3211330403
In base 8, what is 7211702002 + -3?
7211701777
In base 11, what is -26164196 - -3?
-26164193
In base 3, what is -1 - -10101220111020?
10101220111012
In base 8, what is -22702377 + 5?
-22702372
In base 11, what is 7aa22 - -20?
7aa42
In base 12, what is 211a - 8081?
-5b63
In base 15, what is -3 + -773410?
-773413
In base 3, what is 2020022 - 1001010?
1012012
In base 13, what is 9 - -c838b06?
c838b12
In base 13, what is 20 - -3a59cc?
3a5a1c
In base 5, what is 11111023 - -143?
11111221
In base 7, what is 150404 - -16?
150423
In base 14, what is 11ad40d + -42?
11ad3ab
In base 14, what is 1 - 3c5bd9?
-3c5bd8
In base 15, what is -8 - -8ba707?
8ba6ee
In base 3, what is 122012221221 + 21000?
122020012221
In base 11, what is -9 - 3134889?
-3134897
In base 14, what is 2092 - 9566?
-74b4
In base 14, what is -bddc + 2dc?
-bb00
In base 2, what is 10010 + -1110000011101100101011?
-1110000011101100011001
In base 3, what is 100 + -2212111010100221?
-2212111010100121
In base 14, what is -122c59 - -28?
-122c31
In base 14, what is a022a0 + -12?
a0228c
In base 2, what is -1011100100001101 - -10001000111010?
-1001011011010011
In base 9, what is 40 + -22630581?
-22630541
In base 16, what is d28 + -6980?
-5c58
In base 6, what is -5023204 + 1323?
-5021441
In base 15, what is -5 + 1379477?
1379472
In base 4, what is -3112000112003 + 3?
-3112000112000
In base 11, what is -147 + -339?
-485
In base 16, what is 8 - 9fafd2?
-9fafca
In base 7, what is 651 + 4122152?
4123133
In base 7, what is -20 + 1125521333?
1125521313
In base 13, what is -1a7b + -88b6?
-a664
In base 2, what is -1011100000011010100011010100 + -1?
-1011100000011010100011010101
In base 6, what is 20 + -1005251?
-1005231
In base 5, what is 103 - 1341122413?
-1341122310
In base 8, what is 4120130 - -376?
4120526
In base 3, what is -101 - 210022021021201?
-210022021022002
In base 5, what is -33030 + 22342?
-10133
In base 11, what is 399 - 7873?
-7485
In base 14, what is 2d32 - -2503?
5435
In base 9, what is -1 + 61025?
61024
In base 16, what is -cf + 290ec?
2901d
In base 14, what is -24b5 - -231?
-2284
In base 4, what is 303 + 123232113302?
123232120211
In base 8, what is 214365 + 33?
214420
In base 15, what is -14 - -1d52b?
1d517
In base 6, what is -2201 + -3325510?
-3332111
In base 5, what is -11144132 - 14224?
-11213411
In base 3, what is 100020 + -122002101120?
-122002001100
In base 15, what is -1a + -206d9?
-20704
In base 8, what is 3 - -11337122?
11337125
In base 12, what is 4bb40 + -39?
4bb03
In base 6, what is 0 - -33415523?
33415523
In base 12, what is -27a8350 + 0?
-27a8350
In base 14, what is 539 - -2150?
2689
In base 12, what is -16b6 - 14447?
-15b41
In base 15, what is -4431 + -4a9?
-48da
In base 12, what is -32b696 + 112?
-32b584
In base 8, what is 3 - -216711550?
216711553
In base 6, what is 5 - -542330210?
542330215
In base 8, what is -55751 - -764?
-54765
In base 11, what is 5 - -8a6a20?
8a6a25
In base 7, what is 112 + 1640015?
1640130
In base 16, what is 3bc5 - 50?
3b75
In base 11, what is -21203055 - -1?
-21203054
In base 2, what is -10 - 10110111011110101000101000?
-10110111011110101000101010
In base 10, what is -13 + -1439388?
-1439401
In base 13, what is -243b - 2576?
-49b4
In base 7, what is -5 + 255642205?
255642200
In base 4, what is -10123313120 - -1221?
-10123311233
In base 11, what is 79344 - 188?
79167
In base 15, what is -1b33569 + 0?
-1b33569
In base 8, what is 172002 - -266?
172270
In base 4, what is -1220 - -11130220?
11123000
In base 15, what is -7 - -188b519?
188b512
In base 7, what is -10106126204 + -4?
-10106126211
In base 8, what is 106 + -1756413?
-1756305
In base 16, what is -2c + 757ecd?
757ea1
In base 8, what is 44 + 2774153?
2774217
In base 3, what is -210101 + 110121222100?
110121011222
In base 2, what is -1100 + -1011101111001110001001?
-1011101111001110010101
In base 11, what is -62a + 73?
-567
In base 5, what is 4220 - 34230?
-30010
In base 8, what is 676642 + 1?
676643
In base 15, what is 3a9 - 8334?
-7e7a
In base 7, what is 1055350 - 220?
1055130
In base 6, what is 3 - -1554220422?
1554220425
In base 9, what is 162 + -18833?
-18661
In base 4, what is -111210130312321 - 3?
-111210130312330
In base 13, what is -b3 - 10b0?
-1193
In base 14, what is -946532c + 4?
-9465328
In base 10, what is 72 + 17564?
17636
In base 6, what is -10134105133 - 5?
-10134105142
In base 15, what is 157c + -1c79?
-6ec
In base 3, what is 1222022 + -21110220102?
-21101221010
In base 4, what is -1133 + 13330120131?
13330112332
In base 16, what is 21ab + -238?
1f73
In base 15, what is 4 - 2b87848?
-2b87844
In base 10, what is -4 - -87451991?
87451987
In base 12, what is 2 - -61203a72?
61203a74
In base 2, what is -11100111111010000110 - 1011?
-11100111111010010001
In base 5, what is -3 - 340121441?
-340121444
In base 6, what is -5000 + 2322012?
2313012
In base 12, what is 2b1645b6 - 3?
2b1645b3
In base 6, what is -3500250552 + -2?
-3500250554
In base 13, what is 4ac - 2279?
-1a9a
In base 15, what is 1 - 1249171?
-1249170
In base 2, what is 11111001110101110000111 - 11?
11111001110101110000100
In base 14, what is 15 + 54b?
562
In base 14, what is 498 - -324c7?
32981
In base 10, what is -2 - 60296743?
-60296745
In base 16, what is -57f857 - -4?
-57f853
In base 11, what is -5204 - 322?
-5526
In base 4, what is 11 - -1312233201031?
1312233201102
In base 10, what is 9066841 + 2?
9066843
In base 5, what is 1 - -241101042?
241101043
In base 2, what is 1010110 - 1011011101110101?
-1011011100011111
In base 16, what is 152b9 + -1cc?
150ed
In base 10, what is 186 + -88577?
-88391
In base 10, what is -4643 + -4964?
-9607
In base 14, what is 5a80 - -6962?
c602
In base 9, what is 780 - -324886?
325776
In base 10, what is -331618 + 446?
-331172
In base 16, what is 382e58 + -2?
382e56
In base 4, what is 2 + -2120013312331?
-2120013312323
In base 5, what is -24 + 234444433?
234444404
In base 7, what is -1231 - -16123243?
16122012
In base 15, what is -2711 - -513?
-21ed
In base 15, what is 17